t derivative of -5*a**4/24 - a**3/3 - 19*a**2 - 5. Let g(j) be the second derivative of q(j). Determine g(-2).
8
Let g(b) = 5*b - 17. Let q be g(6). Suppose 3*u = -5*v + 4*u - 15, u = -2*v - q. Let p(a) = a**3 + 5*a**2 + 2*a + 4. Give p(v).
12
Let h be (1 - -17)*(-1)/(-2). Suppose 13*v - h*v + 16 = 0. Let w(m) = m**3 + 3*m**2 - 2*m + 1. Determine w(v).
-7
Let w(c) be the second derivative of c**3/2 + 12*c**2 + 305*c. Determine w(-13).
-15
Let o(d) = -2*d**2 + 32*d**3 - 33*d**3 + 5 + 3*d**2 + d + 4*d**2. Determine o(5).
10
Let m = 7 - 3. Suppose -2*a = 4*g - 4*a, -6 = 3*g - 3*a. Let j(x) = -3*x + g*x + 2*x - 6*x + 6. Calculate j(m).
-14
Let h(f) = 2*f + 5. Let d(y) = -3*y + 7. Let x be d(6). Let v = 19 + x. Suppose 4*o - 3*o - 4*b = 12, o = -b - v. Give h(o).
-3
Let v(p) = 4*p**2 + 76*p - 155. Let z be v(2). Let a(w) = w**3 - 10*w**2 - 37*w - 14. Give a(z).
12
Let o(h) = h - 6. Let y(d) = -d**3 + 25*d**2 - 46*d - 8. Let g be y(23). Let j be 3 - 0 - 4 - (-2 + g). What is o(j)?
3
Let m(b) = 2*b - 13. Let y(o) = o - 6. Let x(r) = 2*m(r) - 5*y(r). Calculate x(-1).
5
Let r(g) = 2*g + 8. Suppose 14*n + 8*n + 132 = 0. Suppose 0 = -5*j - 3 - 2. Let p = n + j. Calculate r(p).
-6
Let v(p) = -137 + 407 - 137 - 3*p - 139. Give v(4).
-18
Let c(x) = 0 - 43*x + 1 + 91*x - 35*x. What is c(3)?
40
Suppose 3*v - 25*v + 44 = 0. Let m(t) = 15*t. What is m(v)?
30
Let b(h) = h - 34. Let k(x) = -x**3 + 29*x**2 + 60*x + 84. Let v be k(31). Calculate b(v).
-12
Let q(w) be the third derivative of -w**6/360 - w**4/24 + 11*w**2. Let x(b) be the second derivative of q(b). Determine x(1).
-2
Let m be (-21)/(-4) - 2/8. Let s(c) = c**3 + 6*c**2 + 6*c - 5. Let y be s(-4). Let t(r) = -3*r**2 + 1 + 5*r**y + m*r**3 + 3*r**2 - r**2. Determine t(1).
10
Let m(d) = 5 + 15*d + 0*d**2 - 18*d - d**2. Let r = -28 - -6. Let a = r - -17. Calculate m(a).
-5
Let a(v) = 6*v**3 - 9*v**2 + 11*v. Let t(u) = 5*u**3 - 9*u**2 + 11*u + 1. Let y(l) = 4*a(l) - 5*t(l). Determine y(7).
16
Let u(b) = -3*b**3 + 11*b**2 - 9*b + 10. Let l(x) = 13*x**3 - 45*x**2 + 36*x - 39. Let h(f) = -2*l(f) - 9*u(f). Calculate h(8).
-4
Suppose 22*o + 5 = 23*o. Let d(g) be the third derivative of g**3 - 1/6*g**4 + 1/60*g**5 + 0*g - 3*g**2 + 0. What is d(o)?
11
Let k = -28 - -34. Let c(f) = f**3 + 4*f**2 + 4*f + 3. Let u be c(-2). Let a(x) = -x - u - 3*x**2 + 2*x**2 + 8*x. Determine a(k).
3
Let o(u) be the second derivative of 0 + 0*u**2 + 9*u + 4/3*u**3. What is o(1)?
8
Let k(o) = -o**3 + 5*o**2 - o - 3. Suppose -p + 32*z + 7 = 29*z, -z = -p + 5. Determine k(p).
9
Let x(h) = -h**2 - 244*h - 7. Let y be x(0). Let d(u) = -2*u**2 + u + 6. Let n(c) = -3*c**2 + 7. Let p(z) = 4*d(z) - 3*n(z). What is p(y)?
24
Suppose 5*d - 5 = 15. Let c be (-3 + 0)*8/d. Let u(v) = v**3 + 6*v**2 + 4. What is u(c)?
4
Let w(i) = 1 - 3*i - 2*i**2 + 2*i**2 - i**2 + 3. Suppose -8*s = -7*s - 2. Let v be (-1)/(s*(-1)/(-8)). Calculate w(v).
0
Let y(f) = 4*f - f**2 + 6 + 5*f - 4*f. Suppose 4*j + 4 = 8, 4*v + 4*j = -4. Let p = 8 + v. Calculate y(p).
0
Let h(s) = 9*s**3 - s. Suppose -5*y + 5*q = -30, -8 = -2*y - 4*q + 2*q. Suppose -f = -6 + y. What is h(f)?
8
Let f = 52 - 50. Let t(r) = -7 - 4*r**2 + 3*r**f + 12 + 6*r - 2*r. Calculate t(6).
-7
Let b(y) be the first derivative of -37*y**2/2 + y + 338. Give b(-1).
38
Let m(d) = -3*d - 5. Suppose 3*s + 6 = 0, 13*y - 5 = 18*y - 5*s. Calculate m(y).
4
Suppose v - 33 = 6*v - t, -4*v + t = 27. Let a(w) = w**2 + 10*w - 1. Give a(v).
-25
Suppose i - 3*i + 136 = -4*q, 64 = -2*q + 3*i. Let a = q - -32. Let c(n) = n + 2. Determine c(a).
-1
Let c(p) = 30*p - 34. Let z(x) = 10*x - 11. Let f(y) = 2*c(y) - 7*z(y). Calculate f(2).
-11
Suppose -3*x + 2*k + 19 = 0, 4 = -2*k - 6. Let b(p) = -5*p + x - 4*p**2 + 3*p + p**3 - 1. What is b(4)?
-6
Let a(w) = w**3 + 3*w**2 + 2*w - 2. Suppose -15 = 3*d, -3*k + d - 11 = -4*d. Let b be 18/(-12)*k/9. Suppose p = j, -4*j + 3 = b*p - 7*j. What is a(p)?
-8
Let t(x) = 5*x + 3. Let i(w) = -19*w - 14. Let p(j) = -4*i(j) - 18*t(j). Give p(-2).
30
Let w(o) = -o**3 + 6*o**2 + 2*o - 9. Suppose s - 1 = 5*r, -2*s - 3*s + 3*r + 27 = 0. What is w(s)?
3
Let f(p) = -130076 - p + 130076. Determine f(5).
-5
Suppose -2*t - 37 = -4*r - 3, 0 = -5*r + 5*t + 45. Let v(f) = 7*f - 56. Let p be v(r). Let a(n) = -n + 1. Calculate a(p).
1
Let t(f) be the second derivative of -f**4/8 + 5*f**3/6 + 21*f**2/2 + 32*f. Let n(i) be the first derivative of t(i). Give n(4).
-7
Let m(o) be the second derivative of o**3/2 + 7*o**2/2 + o + 1. Calculate m(-3).
-2
Suppose 0 = 6*o - 8*o + 14. Let t(p) = 3*p + 3*p - o*p + 11*p - 1. Determine t(1).
9
Let f = -957 + 953. Let h(a) = 4*a**3 - 2*a**2 + 5*a + 5. Let l(b) = -5*b**3 + 2*b**2 - 5*b - 6. Let p(w) = 6*h(w) + 5*l(w). What is p(f)?
12
Suppose 44*i + 24 = 20*i. Let k(g) = -10*g**2 + 1 - 4*g + 0*g + 0*g. Let b(m) = 51*m**2 + 21*m - 6. Let z(s) = -2*b(s) - 11*k(s). What is z(i)?
7
Let q(a) = 2*a**2. Let f be q(1). Let n(v) = -2*v + f - 1 + 5. Suppose -9*m + 12*m - 3 = -3*c, -4*m - 16 = 0. Give n(c).
-4
Let t(m) be the first derivative of 1/24*m**4 + 1/120*m**5 - 4/3*m**3 + 0*m**2 + 0*m - 2. Let i(q) be the third derivative of t(q). What is i(-6)?
-5
Let f(l) be the second derivative of 5/2*l**2 + 0 + 25*l + 1/6*l**3. Give f(-5).
0
Let r be (-86)/(-10) + ((-126)/35 - -4). Let j(k) = 18 - r - 3 - 4*k - 7 + k**2. Give j(3).
-4
Let k = 0 - 0. Suppose 7*n = 4*u + 3*n - 20, k = 3*u - 2*n - 15. Let l = u + 0. Let s(d) = -d**2 + 5*d + 7. Determine s(l).
7
Let w(t) be the first derivative of 1/3*t**3 - 2*t - 22 + 1/2*t**2. Determine w(-4).
10
Let h(t) = 5*t**2 - 2. Let a(d) = 11*d**2 - 4. Let m(g) = -6*a(g) + 13*h(g). Give m(0).
-2
Let x(v) = 174*v**2 - 180*v**2 + v**3 + 6 + 0*v - 8*v. Let u be x(7). Let t(d) be the first derivative of 3*d**2/2 - d - 1. What is t(u)?
-4
Let f be (-126)/(-33) - (-8)/44. Let n = -6 + f. Let p(t) = t - 1. Calculate p(n).
-3
Let r = -30 - -28. Let i be 5 - (-8 - -2)/r. Let g(o) = -o**3 - o + 2. Determine g(i).
-8
Let i(y) = -y - 18. Let l be (-258)/(-301) + 69/(-7). Give i(l).
-9
Let f = -85 - -87. Let c(q) = -7*q**2 + 17*q - 3. Let s(o) = 2*o**2 - 6*o + 1. Let u(x) = 3*c(x) + 8*s(x). Determine u(f).
-15
Let w(m) = m**3 - 4*m**2 - m - 3. Let z = -14 + 19. Let u(f) = -3 - 5*f + 3 - f**3 - z*f**2. Let c be u(-4). Calculate w(c).
-7
Let a(o) = -4*o**2 - 5*o - 8. Let j(t) = 4*t**2 - 6*t - 6. Let x(s) = 5*s**2 - 7*s - 7. Let h(i) = -6*j(i) + 5*x(i). Let b(v) = a(v) + 5*h(v). Give b(4).
13
Let f(c) = -c**3 + 4*c**2 + 2*c - 3. Suppose 0 = 4*j + 7 - 39. Let h = -2 - j. Let x = h + 14. Determine f(x).
5
Let k(o) = o + 5. Suppose 0 = -4*y + 12, f = -0*f + y - 9. Let x be f/(-30) + (-26)/5. What is k(x)?
0
Suppose 0 = -s - 4*n - 2 - 3, -5*s = -5*n - 50. Let o(a) = -a + 3. Determine o(s).
-4
Let m(l) be the third derivative of l**7/1260 + l**6/120 - l**5/30 + l**4/24 - 7*l**3/6 + 2*l**2 + 19. Let k(o) be the second derivative of m(o). Give k(-5).
16
Suppose -3 - 13 = -8*s. Suppose -s*d - 7 = -3*d + 4*m, 0 = 4*d + m - 45. Let y = 5 - d. Let c(u) = u**2 + 6*u - 2. What is c(y)?
-2
Let n be (-4)/3*(-6)/4. Suppose n*m = -5*h + 10, 5*h + 6 - 16 = -m. Let d(g) = 105 + h*g**2 - 105. Calculate d(1).
2
Let x(f) = -3*f - 17. Suppose 3*p - 17*p - 98 = 0. Determine x(p).
4
Let z(m) = m - 1. Let g(u) = -7 - 4*u + 2*u**2 - 8*u**2 + 5*u**2. Let v(o) = -g(o) + 4*z(o). Determine v(-6).
-9
Let t(n) be the third derivative of -n**5/120 - n**4/24 - 11*n**3/6 - 11*n**2. Let p(r) be the first derivative of t(r). What is p(2)?
-3
Let d(k) = k**3 - 8*k**2 + 6*k + 5. Let r(z) be the third derivative of z**5/30 - z**4/3 + 7*z**3/6 - 9*z**2. Let x be r(4). Determine d(x).
-2
Let a(u) be the third derivative of -2/15*u**5 + 2/3*u**3 + 0 - 12*u**2 + 1/120*u**6 + 1/3*u**4 + 0*u. Determine a(7).
11
Let q(d) = -d**2 + 18*d - 60. Let s be q(5). Let f(k) = -11*k - 3. Give f(s).
-58
Let k(i) = i**3. Let z(j) = -j**3 + 3*j**2 + 3*j + 1. Let q(g) = -2*k(g) - z(g). Let a(m) = m**3 + 7*m**2 - 17*m + 7. Let y be a(-9). Calculate q(y).
1
Let g(s) = 2*s**2 - 3*s - 3. Let l = -8 - -10. Suppose -4*w + 5*v = -10, 3*w - 13 + 2 = l*v. Let u = 3 - w. Determine g(u).
11
Let p(a) = 11*a**2 - 17*a + 2. Let g(i) = 6*i**2 - 9*i + 1. Let m(y) = -7*g(y) + 4*p(y). Let d(s) = -s**3 - 3*s**2 + 4*s + 4. Let c be d(-4). Give